{"id":4046,"date":"2017-09-21T19:29:27","date_gmt":"2017-09-21T19:29:27","guid":{"rendered":"http:\/\/eletrorodney.com.br\/site\/?post_type=product&#038;p=4046"},"modified":"2017-09-21T19:29:28","modified_gmt":"2017-09-21T19:29:28","slug":"lampada-eletronica-dulux-star-20w-branca-220v-osram","status":"publish","type":"product","link":"https:\/\/eletrorodney.com.br\/site\/produto\/lampada-eletronica-dulux-star-20w-branca-220v-osram\/","title":{"rendered":"L\u00e2mpada Eletr\u00f4nica Dulux Star 20w Branca 220v &#8211; Osram"},"content":{"rendered":"<p>Adequadas Para Todos Os Tipos De Ambientes, Principalmente Onde Uma Ilumina\u00e7\u00e3o Cont\u00ednua E Econ\u00f4mica \u00c9 Necess\u00e1ria! S\u00e3o Extremamente Compactas E Leves, Podendo Ser Utilizadas Em Abajures, Plafonniers, Spots, Pendentes, Lustres E Embutidos, Real\u00e7ando E Aquecendo Menos Os Ambientes<br \/>\nFicha T\u00e9cnica<br \/>\nCaracter\u00edsticas Gerais Descri\u00e7\u00e3o Do Produto<\/p>\n<p>Lampada Eletronic Osram Duluxstar 3u 220x20w Bca 8000h 6500k<\/p>\n<p>Modelo<\/p>\n<p>Duluxstar 3u<\/p>\n<p>Benef\u00edcios<\/p>\n<p>Maior Conforto Visual, Sem Cintila\u00e7\u00e3o E Sem Efeito Estrobosc\u00f3pico<\/p>\n<p>Acendimento Imediato<\/p>\n<p>Tipo<\/p>\n<p>Fluorescente<\/p>\n<p>Cor<\/p>\n<p>Branca<\/p>\n<p>Pot\u00eancia (W)<\/p>\n<p>20w<\/p>\n<p>Tens\u00e3o<\/p>\n<p>220v<\/p>\n<p>Temperatura De Cor (K)<\/p>\n<p>6500 K<\/p>\n<p>Vida \u00datil<\/p>\n<p>8000 Horas<\/p>\n<p>Fluxo Luminoso (Lm)<\/p>\n<p>1200<\/p>\n<p>Base<\/p>\n<p>E27<\/p>\n<p>Equival\u00eancia<\/p>\n<p>Equivale A Uma L\u00e2mpada Incandescente De 90w<\/p>\n<p>Economia<\/p>\n<p>Economiza At\u00e9 80% De Energia<\/p>\n<p>Dimens\u00f5es (Mm)<\/p>\n<p>Comprimento: 169 Mm<\/p>\n<p>Di\u00e2metro: 52 Mm<\/p>\n<p>Garantia<\/p>\n<p>01 Ano Ofertada Pelo Fabricante<\/p>\n<p>Sac Fornecedor<\/p>\n<p>Osram<\/p>\n<p>Telefone<\/p>\n<p>0800 55 7084<\/p>\n","protected":false},"excerpt":{"rendered":"<p>Adequadas Para Todos Os Tipos De Ambientes, Principalmente Onde Uma Ilumina\u00e7\u00e3o Cont\u00ednua E Econ\u00f4mica \u00c9 Necess\u00e1ria! S\u00e3o Extremamente Compactas E Leves, Podendo Ser Utilizadas Em Abajures, Plafonniers, Spots, Pendentes, Lustres E Embutidos, Real\u00e7ando E Aquecendo Menos Os Ambientes<br \/>\nFicha T\u00e9cnica<br \/>\nCaracter\u00edsticas Gerais Descri\u00e7\u00e3o Do Produto<\/p>\n<p>Lampada Eletronic Osram Duluxstar 3u 220x20w Bca 8000h 6500k<\/p>\n<p>Modelo<\/p>\n<p>Duluxstar 3u<\/p>\n<p>Benef\u00edcios<\/p>\n<p>Maior Conforto Visual, Sem Cintila\u00e7\u00e3o E Sem Efeito Estrobosc\u00f3pico<\/p>\n<p>Acendimento Imediato<\/p>\n<p>Tipo<\/p>\n<p>Fluorescente<\/p>\n<p>Cor<\/p>\n<p>Branca<\/p>\n<p>Pot\u00eancia (W)<\/p>\n<p>20w<\/p>\n<p>Tens\u00e3o<\/p>\n<p>220v<\/p>\n<p>Temperatura De Cor (K)<\/p>\n<p>6500 K<\/p>\n<p>Vida \u00datil<\/p>\n<p>8000 Horas<\/p>\n<p>Fluxo Luminoso (Lm)<\/p>\n<p>1200<\/p>\n<p>Base<\/p>\n<p>E27<\/p>\n<p>Equival\u00eancia<\/p>\n<p>Equivale A Uma L\u00e2mpada Incandescente De 90w<\/p>\n<p>Economia<\/p>\n<p>Economiza At\u00e9 80% De Energia<\/p>\n<p>Dimens\u00f5es (Mm)<\/p>\n<p>Comprimento: 169 Mm<\/p>\n<p>Di\u00e2metro: 52 Mm<\/p>\n<p>Garantia<\/p>\n<p>01 Ano Ofertada Pelo Fabricante<\/p>\n<p>Sac Fornecedor<\/p>\n<p>Osram<\/p>\n<p>Telefone<\/p>\n<p>0800 55 7084<\/p>\n","protected":false},"featured_media":4047,"comment_status":"open","ping_status":"closed","template":"","meta":{"om_disable_all_campaigns":false},"product_cat":[41,43],"product_tag":[],"class_list":{"0":"post-4046","1":"product","2":"type-product","3":"status-publish","4":"has-post-thumbnail","6":"product_cat-iluminacao","7":"product_cat-materiais-eletricos","9":"first","10":"instock","11":"shipping-taxable","12":"product-type-simple"},"_links":{"self":[{"href":"https:\/\/eletrorodney.com.br\/site\/wp-json\/wp\/v2\/product\/4046"}],"collection":[{"href":"https:\/\/eletrorodney.com.br\/site\/wp-json\/wp\/v2\/product"}],"about":[{"href":"https:\/\/eletrorodney.com.br\/site\/wp-json\/wp\/v2\/types\/product"}],"replies":[{"embeddable":true,"href":"https:\/\/eletrorodney.com.br\/site\/wp-json\/wp\/v2\/comments?post=4046"}],"wp:featuredmedia":[{"embeddable":true,"href":"https:\/\/eletrorodney.com.br\/site\/wp-json\/wp\/v2\/media\/4047"}],"wp:attachment":[{"href":"https:\/\/eletrorodney.com.br\/site\/wp-json\/wp\/v2\/media?parent=4046"}],"wp:term":[{"taxonomy":"product_cat","embeddable":true,"href":"https:\/\/eletrorodney.com.br\/site\/wp-json\/wp\/v2\/product_cat?post=4046"},{"taxonomy":"product_tag","embeddable":true,"href":"https:\/\/eletrorodney.com.br\/site\/wp-json\/wp\/v2\/product_tag?post=4046"}],"curies":[{"name":"wp","href":"https:\/\/api.w.org\/{rel}","templated":true}]}}