{"id":4052,"date":"2017-09-21T19:41:37","date_gmt":"2017-09-21T19:41:37","guid":{"rendered":"http:\/\/eletrorodney.com.br\/site\/?post_type=product&#038;p=4052"},"modified":"2017-09-21T19:41:37","modified_gmt":"2017-09-21T19:41:37","slug":"disjuntor-din-curva-b-32a-monopolar","status":"publish","type":"product","link":"https:\/\/eletrorodney.com.br\/site\/produto\/disjuntor-din-curva-b-32a-monopolar\/","title":{"rendered":"Disjuntor Din Curva B 32a Monopolar"},"content":{"rendered":"<p><b>Caracter\u00edsticas T\u00e9cnicas:<\/b><br \/>\nProduto feito de material magn\u00e9tico e com liga\u00e7\u00e3o por bornes de estribo<br \/>\n<strong>Formas de Utiliza\u00e7\u00e3o:<br \/>\n<\/strong>Utilizado para prote\u00e7\u00e3o do circuito el\u00e9trico<\/p>\n","protected":false},"excerpt":{"rendered":"<p><strong><b>Caracter\u00edsticas T\u00e9cnicas:<\/b><br \/>\nProduto feito de material magn\u00e9tico e com liga\u00e7\u00e3o por bornes de estribo<br \/>\nFormas de Utiliza\u00e7\u00e3o:<br \/>\nUtilizado para prote\u00e7\u00e3o do circuito el\u00e9trico<\/strong><\/p>\n","protected":false},"featured_media":4053,"comment_status":"open","ping_status":"closed","template":"","meta":{"om_disable_all_campaigns":false},"product_cat":[43],"product_tag":[],"class_list":{"0":"post-4052","1":"product","2":"type-product","3":"status-publish","4":"has-post-thumbnail","6":"product_cat-materiais-eletricos","8":"first","9":"instock","10":"shipping-taxable","11":"product-type-simple"},"_links":{"self":[{"href":"https:\/\/eletrorodney.com.br\/site\/wp-json\/wp\/v2\/product\/4052"}],"collection":[{"href":"https:\/\/eletrorodney.com.br\/site\/wp-json\/wp\/v2\/product"}],"about":[{"href":"https:\/\/eletrorodney.com.br\/site\/wp-json\/wp\/v2\/types\/product"}],"replies":[{"embeddable":true,"href":"https:\/\/eletrorodney.com.br\/site\/wp-json\/wp\/v2\/comments?post=4052"}],"wp:featuredmedia":[{"embeddable":true,"href":"https:\/\/eletrorodney.com.br\/site\/wp-json\/wp\/v2\/media\/4053"}],"wp:attachment":[{"href":"https:\/\/eletrorodney.com.br\/site\/wp-json\/wp\/v2\/media?parent=4052"}],"wp:term":[{"taxonomy":"product_cat","embeddable":true,"href":"https:\/\/eletrorodney.com.br\/site\/wp-json\/wp\/v2\/product_cat?post=4052"},{"taxonomy":"product_tag","embeddable":true,"href":"https:\/\/eletrorodney.com.br\/site\/wp-json\/wp\/v2\/product_tag?post=4052"}],"curies":[{"name":"wp","href":"https:\/\/api.w.org\/{rel}","templated":true}]}}